is the greatest common factor of 180 and 2331765?
45
What is the highest common divisor of 331045 and 17875?
715
What is the greatest common divisor of 9960 and 60258?
498
What is the highest common divisor of 42766 and 32?
2
Calculate the highest common factor of 1360854 and 474.
474
Calculate the greatest common factor of 357 and 49035.
21
What is the greatest common divisor of 2924 and 68?
68
What is the greatest common factor of 135 and 20520?
135
Calculate the highest common factor of 80 and 4700.
20
Calculate the greatest common factor of 25 and 135650.
25
Calculate the greatest common divisor of 8481250 and 118.
118
Calculate the highest common divisor of 368 and 2560.
16
Calculate the highest common divisor of 3757440 and 24.
24
What is the highest common factor of 1771043 and 17?
17
Calculate the highest common factor of 35322 and 84.
42
What is the greatest common factor of 36537 and 2109?
57
Calculate the highest common factor of 4296 and 146472.
24
Calculate the greatest common factor of 896 and 40656.
112
What is the highest common factor of 325 and 33189?
13
What is the greatest common divisor of 31185 and 126?
63
What is the greatest common factor of 296 and 1252?
4
What is the highest common divisor of 79783 and 121?
11
What is the greatest common divisor of 48 and 15024?
48
What is the greatest common factor of 15 and 781740?
15
What is the greatest common divisor of 5 and 5489575?
5
What is the highest common factor of 84657 and 51?
3
What is the highest common factor of 3192945 and 21?
21
Calculate the highest common factor of 32536 and 3071.
83
What is the greatest common factor of 18450 and 1312?
82
Calculate the highest common factor of 1589464 and 152.
152
What is the highest common divisor of 16009 and 259?
7
Calculate the greatest common divisor of 12 and 13032.
12
Calculate the highest common factor of 2464 and 7364.
28
Calculate the highest common divisor of 88229 and 83.
83
What is the highest common factor of 670048 and 8?
8
Calculate the greatest common divisor of 346136 and 1680.
56
What is the highest common factor of 48 and 6918?
6
Calculate the greatest common factor of 996285 and 425.
85
What is the highest common divisor of 7275776 and 1172?
1172
Calculate the greatest common factor of 1866 and 146481.
933
Calculate the greatest common divisor of 6758 and 2398.
218
What is the greatest common factor of 221 and 53771?
17
Calculate the highest common factor of 44 and 6237.
11
What is the highest common divisor of 197043 and 42?
21
What is the greatest common factor of 938 and 1120?
14
What is the greatest common factor of 17392 and 33697?
1087
What is the highest common divisor of 173808 and 432?
144
Calculate the greatest common divisor of 3968 and 7552.
128
Calculate the greatest common factor of 25056 and 810.
54
What is the highest common divisor of 917 and 648843?
131
Calculate the greatest common divisor of 410848 and 2368.
1184
What is the greatest common divisor of 3193 and 39037?
103
Calculate the highest common factor of 4904 and 13.
1
What is the greatest common factor of 144514 and 38?
38
What is the highest common divisor of 414 and 30958?
46
What is the greatest common divisor of 1856718 and 178?
178
Calculate the greatest common divisor of 3968 and 14432.
32
What is the greatest common divisor of 564 and 146734?
94
What is the highest common factor of 10 and 1839015?
5
What is the greatest common factor of 2680 and 26360?
40
What is the greatest common divisor of 13013 and 211211?
1001
What is the highest common factor of 2066 and 2604193?
1033
What is the highest common divisor of 11753 and 5773?
23
Calculate the greatest common factor of 927 and 9972.
9
Calculate the highest common factor of 2651087 and 548.
137
What is the greatest common factor of 3894 and 3658?
118
Calculate the greatest common factor of 10922 and 14018.
86
Calculate the highest common divisor of 49 and 92365.
49
What is the highest common factor of 12118 and 292?
146
What is the highest common divisor of 42112 and 952?
56
Calculate the greatest common divisor of 46987 and 323.
19
What is the highest common divisor of 814404 and 12?
12
What is the highest common divisor of 8976 and 1408?
176
What is the highest common factor of 450 and 159700?
50
What is the highest common factor of 645024 and 96?
96
What is the highest common divisor of 3672 and 22491?
459
What is the highest common divisor of 13855 and 54605?
815
Calculate the highest common divisor of 15675 and 300.
75
Calculate the highest common factor of 110 and 734195.
55
What is the greatest common factor of 2158 and 29465?
83
What is the greatest common factor of 8887299 and 942?
471
Calculate the greatest common factor of 473 and 29381.
11
Calculate the greatest common divisor of 12013 and 1558.
41
Calculate the greatest common divisor of 55 and 4103.
11
What is the greatest common factor of 1897 and 53929?
271
What is the highest common factor of 666 and 118067?
37
Calculate the highest common factor of 1584 and 99.
99
Calculate the greatest common factor of 52206 and 10626.
462
Calculate the greatest common factor of 100144 and 176.
176
What is the highest common divisor of 3666972 and 24?
12
Calculate the highest common divisor of 101210 and 1044.
58
What is the highest common divisor of 52 and 21502?
26
Calculate the greatest common divisor of 41664 and 192448.
1984
Calculate the highest common divisor of 281880 and 3.
3
What is the highest common factor of 42864 and 57?
57
Calculate the highest common divisor of 36557 and 32387.
139
What is the highest common factor of 299970 and 220?
110
Calculate the highest common factor of 1111994 and 19.
19
Calculate the highest common factor of 683158 and 1078.
98
What is the greatest common divisor of 257940 and 450?
90
What is the highest common divisor of 179916 and 2585?
517
What is the highest common divisor of 4261275 and 27?
27
Calculate the highest common factor of 26182 and 25864.
106
What is the highest common factor of 35630 and 420?
70
Calculate the greatest common divisor of 8 and 210592.
8
Calculate the greatest common factor of 18 and 142218.
18
What is the greatest common factor of 845304 and 24?
24
What is the highest common factor of 1068081 and 281?
281
Calculate the greatest common divisor of 25564 and 385.
77
What is the greatest common divisor of 187148 and 78?
26
Calculate the highest common factor of 749937 and 5027.
457
What is the highest common factor of 1232 and 94402?
154
Calculate the greatest common factor of 9541 and 380219.
203
Calculate the highest common factor of 312045 and 10.
5
Calculate the highest common divisor of 4 and 81388.
4
What is the highest common divisor of 8 and 283208?
8
Calculate the highest common divisor of 4117 and 233953.
179
Calculate the greatest common divisor of 80 and 271400.
40
Calculate the greatest common factor of 57623 and 116.
29
Calculate the highest common factor of 78806 and 51960.
866
Calculate the highest common factor of 639923 and 71.
71
Calculate the greatest common divisor of 8 and 168744.
8
What is the highest common divisor of 270466 and 266?
14
Calculate the greatest common factor of 6223 and 1078.
49
Calculate the greatest common factor of 71 and 473783.
71
Calculate the greatest common divisor of 64 and 37408.
32
Calculate the greatest common factor of 21580 and 15.
5
What is the greatest common divisor of 6265 and 579065?
895
Calculate the greatest common divisor of 108632 and 8140.
148
What is the highest common factor of 848 and 31111?
53
Calculate the highest common factor of 8448 and 111144.
264
What is the highest common divisor of 1058 and 966?
46
What is the highest common factor of 4 and 7186?
2
What is the greatest common factor of 97251 and 308?
77
Calculate the greatest common factor of 239 and 2311130.
239
What is the highest common factor of 100 and 1204200?
100
Calculate the highest common divisor of 6 and 804522.
6
What is the greatest common divisor of 606414 and 211?
211
Calculate the highest common factor of 65 and 74835.
5
What is the greatest common divisor of 6265292 and 943?
943
What is the highest common factor of 13566 and 4104?
114
Calculate the highest common divisor of 4768 and 8046.
298
What is the greates